at is the thousands digit of 5716544?
6
What is the units digit of 31665609?
9
What is the units digit of 10055537?
7
What is the ten thousands digit of 3627218?
2
What is the tens digit of 38626438?
3
What is the ten thousands digit of 962283?
6
What is the ten thousands digit of 381108?
8
What is the thousands digit of 1709920?
9
What is the units digit of 498929?
9
What is the hundreds digit of 13495686?
6
What is the hundreds digit of 598545?
5
What is the units digit of 8559512?
2
What is the ten thousands digit of 198567?
9
What is the thousands digit of 649189?
9
What is the thousands digit of 73896?
3
What is the hundreds digit of 10136201?
2
What is the units digit of 1336026?
6
What is the units digit of 4308976?
6
What is the ten millions digit of 22554179?
2
What is the tens digit of 9862450?
5
What is the ten thousands digit of 1230142?
3
What is the ten thousands digit of 347626?
4
What is the units digit of 467063?
3
What is the thousands digit of 32794550?
4
What is the hundreds digit of 14165402?
4
What is the hundreds digit of 123833?
8
What is the ten thousands digit of 25460694?
6
What is the ten thousands digit of 272870?
7
What is the units digit of 3765597?
7
What is the hundred thousands digit of 968581?
9
What is the hundreds digit of 983602?
6
What is the millions digit of 1749902?
1
What is the millions digit of 10762480?
0
What is the thousands digit of 133583?
3
What is the hundreds digit of 87453?
4
What is the hundred thousands digit of 715386?
7
What is the hundred thousands digit of 119204?
1
What is the units digit of 1703057?
7
What is the hundreds digit of 14941526?
5
What is the hundred thousands digit of 755274?
7
What is the thousands digit of 61009?
1
What is the units digit of 17404653?
3
What is the tens digit of 1536778?
7
What is the thousands digit of 3701251?
1
What is the tens digit of 3572438?
3
What is the millions digit of 1340236?
1
What is the tens digit of 3133474?
7
What is the tens digit of 4368603?
0
What is the thousands digit of 2836834?
6
What is the tens digit of 6681095?
9
What is the tens digit of 226758?
5
What is the ten thousands digit of 5270496?
7
What is the hundred thousands digit of 5161385?
1
What is the units digit of 1256647?
7
What is the ten thousands digit of 177691?
7
What is the ten thousands digit of 494054?
9
What is the tens digit of 20139276?
7
What is the units digit of 123098?
8
What is the units digit of 2637163?
3
What is the ten thousands digit of 86201?
8
What is the millions digit of 3574065?
3
What is the hundred thousands digit of 16982370?
9
What is the tens digit of 138053?
5
What is the units digit of 359774?
4
What is the tens digit of 11272?
7
What is the tens digit of 15877311?
1
What is the hundreds digit of 729704?
7
What is the ten thousands digit of 7350283?
5
What is the units digit of 2841361?
1
What is the hundred thousands digit of 1828415?
8
What is the ten thousands digit of 34282?
3
What is the tens digit of 5295353?
5
What is the tens digit of 5824501?
0
What is the millions digit of 4961599?
4
What is the units digit of 163187?
7
What is the thousands digit of 1615003?
5
What is the hundreds digit of 651446?
4
What is the units digit of 437710?
0
What is the tens digit of 152498?
9
What is the tens digit of 5075039?
3
What is the units digit of 9932585?
5
What is the tens digit of 390158?
5
What is the millions digit of 17619720?
7
What is the tens digit of 10586740?
4
What is the millions digit of 1374883?
1
What is the tens digit of 152738?
3
What is the ten thousands digit of 23368235?
6
What is the units digit of 6748229?
9
What is the hundreds digit of 24621915?
9
What is the units digit of 278884?
4
What is the hundreds digit of 10854238?
2
What is the ten millions digit of 17813013?
1
What is the tens digit of 97827?
2
What is the thousands digit of 5333969?
3
What is the ten thousands digit of 204358?
0
What is the thousands digit of 438714?
8
What is the thousands digit of 77669?
7
What is the tens digit of 3837590?
9
What is the millions digit of 5862224?
5
What is the thousands digit of 296094?
6
What is the hundreds digit of 500463?
4
What is the hundred thousands digit of 2365683?
3
What is the thousands digit of 163021?
3
What is the ten thousands digit of 14366083?
6
What is the units digit of 400365?
5
What is the hundred thousands digit of 166350?
1
What is the tens digit of 3032437?
3
What is the units digit of 2093636?
6
What is the hundreds digit of 117473?
4
What is the tens digit of 6792959?
5
What is the ten thousands digit of 433481?
3
What is the units digit of 228728?
8
What is the units digit of 3892948?
8
What is the ten thousands digit of 92205?
9
What is the hundreds digit of 2773760?
7
What is the units digit of 44874?
4
What is the ten thousands digit of 18358454?
5
What is the hundred thousands digit of 550047?
5
What is the tens digit of 1082714?
1
What is the hundreds digit of 307896?
8
What is the ten thousands digit of 21651528?
5
What is the thousands digit of 1404131?
4
What is the units digit of 2082899?
9
What is the thousands digit of 151879?
1
What is the ten thousands digit of 106160?
0
What is the millions digit of 12181701?
2
What is the ten thousands digit of 3137700?
3
What is the hundreds digit of 486884?
8
What is the hundred thousands digit of 588845?
5
What is the tens digit of 1158?
5
What is the units digit of 1584359?
9
What is the hundreds digit of 7686184?
1
What is the hundred thousands digit of 977722?
9
What is the tens digit of 5363264?
6
What is the tens digit of 3357542?
4
What is the tens digit of 174310?
1
What is the tens digit of 9245017?
1
What is the ten thousands digit of 7667446?
6
What is the hundred thousands digit of 117818?
1
What is the ten thousands digit of 371687?
7
What is the tens digit of 189024?
2
What is the hundred thousands digit of 212332?
2
What is the tens digit of 332846?
4
What is the hundreds digit of 404484?
4
What is the thousands digit of 32284052?
4
What is the millions digit of 1108946?
1
What is the ten thousands digit of 6086407?
8
What is the units digit of 96716?
6
What is the ten thousands digit of 257211?
5
What is the hundred thousands digit of 360553?
3
What is the units digit of 101489?
9
What is the hundreds digit of 3886325?
3
What is the tens digit of 34413?
1
What is the hundreds digit of 182937?
9
What is the millions digit of 22390052?
2
What is the thousands digit of 566567?
6
What is the hundreds digit of 7121771?
7
What is the ten thousands digit of 298840?
9
What is the tens digit of 2719044?
4
What is the thousands digit of 437253?
7
What is the thousands digit of 366028?
6
What is the millions digit of 5458173?
5
What is the units digit of 301061?
1
What is the hundreds digit of 825516?
5
What is the hundreds digit of 161204?
2
What is the units digit of 422591?
1
What is the hundred thousands digit of 493037?
4
What is the thousands digit of 11050147?
0
What is the thousands digit of 265720?
5
What is the tens digit of 1021013?
1
What is the units digit of 3545486?
6
What is the tens digit of 55262?
6
What is the units digit of 294213?
3
What is the tens digit of 1581739?
3
What is the units digit of 2918603?
3
What is the units digit of 232750?
0
What is the hundred thousands digit of 165344?
1
What is the hundreds digit of 8549372?
3
What is the hundred thousands digit of 4879899?
8
What is the hundreds digit of 13725122?
1
What is the hundred thousands digit of 466182?
4
What is the thousands digit of 7441252?
1
What is the ten thousands digit of 162481?
6
What is the units digit of 615674?
4
What is the tens digit of 4116?
1
What is the tens digit of 3059076?
7
What is the hundred thousands digit of 8794995?
7
What is the ten thousands digit of 15658126?
5
What is the tens digit of 2071650?
5
What is the millions digit of 11351169?
1
What is the ten thousands digit of 2382153?
8
What is the tens digit of 11162?
6
What is the tens digit of 4521047?
4
What is the tens digit of 35218?
1
What is the units digit of 1492890?
0
What is the tens digit of 283524?
2
What is the thousands digit of 8608867?
8
What is the ten thousands digit of 30659164?
5
What is the units digit of 379195?
5
What is the units digit of 105